tors of a?
2, 7
Let a(r) = -r**3 + 2*r + 7. List the prime factors of a(-4).
3, 7
Suppose 5*n = -h + 8, 2*h + 2 = 2*n + 3*h. Suppose 0 = b - 5*b - 4*j + 8, 5*b - n = -j. Suppose 5*x - 1 - 9 = b. What are the prime factors of x?
2
Suppose 3*l + 3*b - 639 = 0, -7*l = -2*l + b - 1081. Suppose s = -5*k + 28, -3*s + k + l = s. What are the prime factors of s?
53
Suppose -197 + 41 = -3*c. List the prime factors of c.
2, 13
Suppose z - d = 14, 6*z - 2*z + 3*d = 49. Let m be (-6)/(1/(-8)*6). Let h = z - m. What are the prime factors of h?
5
Suppose 4*h = 3*j - 325, 4*j + h - 305 = j. List the prime factors of j.
103
Let j = -16 + 22. What are the prime factors of j?
2, 3
Let h = -7 + 7. Suppose -r + 2 + h = 0. What are the prime factors of r?
2
Let b(d) = 13*d - 4. Let w be b(7). Suppose -3*u = 4*j - 60 - 4, -5*j = 2*u - w. List the prime factors of j.
19
Let q = -19 - 15. Let r = -21 - q. List the prime factors of r.
13
Suppose 0 = -3*m - 8 + 2. Let b = m - 1. Let z = b + 5. List the prime factors of z.
2
Let b be (-2)/(-6)*3 - 25. List the prime factors of (8/6)/((-2)/b).
2
List the prime factors of (15/45)/((-2)/(-2748)*2).
229
List the prime factors of ((-12)/7)/((-9)/1260).
2, 3, 5
Suppose -2*w - 38 = -4*w. Suppose c + 1 = -4*p - 2, 3*c - w = -5*p. What are the prime factors of c?
13
Suppose 3*a = -2*a + 40. Suppose 0*j = -j + a. Suppose 5*d - d - j = 0. List the prime factors of d.
2
Let w(a) = a**3 + 18*a**2 + 17*a - 1. List the prime factors of w(-16).
239
Suppose -2*l + 24 = -34. Let p = -15 + l. What are the prime factors of p?
2, 7
Let m be 19 - (0 + 3) - 3. Let u = m + -6. List the prime factors of u.
7
Suppose 0 = -j + 41 + 10. Suppose -6*y - j = -9*y. What are the prime factors of y?
17
Let k = 66 - 57. List the prime factors of k.
3
Suppose -3*n + 7*n = 480. What are the prime factors of n?
2, 3, 5
Suppose 0 = 2*w - 8. Suppose -2*f + 3*f = w. List the prime factors of f/2 + 0 - -8.
2, 5
Suppose 8*y - 2*d - 410 = 5*y, 3*y = -3*d + 435. What are the prime factors of y?
2, 5, 7
Let z be 16/6*(-18)/(-12). What are the prime factors of (34/z*-2)/(-1)?
17
Suppose -3*r + 4 = -32. Suppose -3*k = -7*k + r. Suppose -54 = -k*f - 0*f. What are the prime factors of f?
2, 3
Suppose s = -4*s + k + 70, -3*k = 0. Suppose 0 = 4*v - s + 2. List the prime factors of v.
3
Suppose -4*r + 577 = 3*p + r, 0 = 5*r - 10. List the prime factors of p.
3, 7
Let b = -5 + 2. Let y = b + 6. Suppose -75 = -y*x - 2*x. What are the prime factors of x?
3, 5
Let d = 11 - 8. Let b(x) = -x**3 + 4*x**2 - x + 1. List the prime factors of b(d).
7
Let h be (8/(-12))/((-2)/102). Suppose 2*f - h = -t - 2*f, -3*t - 4*f = -62. List the prime factors of t.
2, 7
Let j = 10 + -4. Let d be (4/(-6))/((-2)/j). Suppose -d + 77 = 5*r. List the prime factors of r.
3, 5
Suppose -3*j + 16 = -j. Suppose 0 = -3*x + 1 + j. What are the prime factors of x?
3
Suppose 0 = -n - 5*q + 31, -2*n = n - 3*q - 57. What are the prime factors of n?
3, 7
Suppose -v + 62 = -4*m, m - v + 8 = -6. Let q = 18 - -8. Let f = q + m. List the prime factors of f.
2, 5
Let d = 71 - 24. What are the prime factors of d?
47
Suppose -3*b + 117 = 5*h, -b + 3*h + h + 39 = 0. Let a = b - 28. What are the prime factors of a?
11
Let r(l) = -l**3 - 17*l**2 + 12*l + 13. What are the prime factors of r(-18)?
11
Let i(d) = -d. Suppose v - z = 0, 2*z - 4 = 6*v - 3*v. What are the prime factors of i(v)?
2
Suppose -2*v - 2 = -0. Let t = v + 4. Suppose 3 = 2*q - q - 3*k, -5*q = t*k - 15. What are the prime factors of q?
3
Let a be (-429)/(-6) - (-3)/6. Suppose -4*l = -l + a. Let o = -12 - l. What are the prime factors of o?
2, 3
Suppose -3 = -5*v - 13. Suppose 4 = -5*u - 1, 3*z - 38 = 2*u. List the prime factors of (z/(-15))/(v/20).
2
Let v = 1 - -3. Suppose 150 = w + v*w. What are the prime factors of w?
2, 3, 5
Let i = -8 - -10. What are the prime factors of (-84 - -6)*i/(-6)?
2, 13
Suppose -2*r = -330 + 84. What are the prime factors of r?
3, 41
Suppose 0 = 3*k - 455 - 526. What are the prime factors of k/15 - (-2)/10?
2, 11
Let l = 7 - 27. List the prime factors of (-348)/l + 4/(-10).
17
Suppose 40 = 3*g + 4*l, g - 28 = -4*l - l. Let t be (0 + -8)/(-5 - -3). Suppose -t*b - 34 + 0 = -3*q, q - 3*b - g = 0. What are the prime factors of q?
2, 7
Let c be 2/6*4*6. Let b = c - 6. What are the prime factors of b?
2
List the prime factors of ((-4)/(-6))/((-4)/(-78)).
13
Suppose -5*h = -10 - 5. Suppose 5*x = -h*w - 0*w - 22, 0 = 4*x - 2*w. List the prime factors of (-237)/(-27) + x/(-9).
3
Let o(n) = 22*n**2 + 6*n + 6. List the prime factors of o(-2).
2, 41
Let d be 5 - (-2)/(1 + -3). Let l be -1 + 17 - (-6 + d). Suppose -2*q = q - l. What are the prime factors of q?
2, 3
Let h = 42 + -78. What are the prime factors of 154/12 - 6/h?
13
Let r = -36 + 26. Let q = r - -23. List the prime factors of q.
13
List the prime factors of (87 - -10)/(1 - 0) + -3.
2, 47
Let p(z) = -z**3 - 2*z**2 - 2*z + 5. Let u be p(-4). Let w = u + -24. List the prime factors of w.
3, 7
Let s = -9 + 10. Suppose 0 = -x + s, 4*k - 17 - 45 = 2*x. What are the prime factors of k?
2
Suppose 0 = 4*y - 8*y - 40. Let j = y + 19. List the prime factors of j.
3
Let a(u) = 2*u**2 + u - 7. Let i(s) = s**2 + s - 3. Let h(b) = 3*a(b) - 5*i(b). Suppose -5*x + 3*d + 10 = 8*d, -5*d = -5*x + 40. List the prime factors of h(x).
3
Suppose 22 = -4*f - 2. List the prime factors of ((-2)/f)/(10/1410).
47
Let d = 113 + -162. Let p = -26 - d. What are the prime factors of p?
23
Suppose -6 = -d + 2*v, -v + 4*v = 0. Let g be (-2)/d*-3*2. Suppose -42 = -4*f + 2*w, 4*w - 2 = g*w. List the prime factors of f.
11
Suppose 2*m - 34 = 14. Let a be m*(-2 - 14/(-6)). Let q = 30 - a. List the prime factors of q.
2, 11
Let w be 2 - 0 - (-4)/2. Suppose o + 2*c = 2, 9*o + c = w*o + 28. List the prime factors of o.
2, 3
Suppose -294 = -6*v + 2*v + 5*k, -4*v + 4*k + 296 = 0. Suppose 5*d = -21 + v. What are the prime factors of d?
11
Let q be 1/(-2)*-1*0. Let c(j) = 19*j**2 - 2*j - 1. Let r be c(-1). Suppose -o = -4*o + 4*i - 4, 4*o + i - r = q. What are the prime factors of o?
2
Let g(u) = 2*u**2 - 4*u + 2. Suppose 16 = 4*q - 4*s, -s + 1 - 2 = 0. Let y be g(q). Suppose 2*h = -y, 4*r - h = r + 25. What are the prime factors of r?
7
What are the prime factors of (-3216)/(-8)*1/2?
3, 67
Suppose 8*l - 10 = 3*l. Suppose 0 = 5*s + l*j - 33, 5*j - j + 4 = 4*s. Let c = s - 2. List the prime factors of c.
3
Let w be 6/12 - 190/4. Let j = -30 - w. What are the prime factors of j?
17
Let b(t) = t**2 + t + 19. List the prime factors of b(0).
19
Let p be (-13)/(-4) + (-6)/(-8). Suppose 2*b = s + 2*s + 8, -s = -p*b - 4. What are the prime factors of ((-2)/2)/(s/60)?
3, 5
Suppose -2*g - 118 = -586. What are the prime factors of g?
2, 3, 13
Let i(o) = -o**3 - 3*o**2 + o - 3. What are the prime factors of i(-5)?
2, 3, 7
Let q(m) = m**2 + 6*m - 5. Suppose u - 3 = -4*x, 3*x - 26 = -3*u + 7*u. Suppose x*c = c + 4*p + 13, 4*p = -5*c - 55. What are the prime factors of q(c)?
2
What are the prime factors of 4/6*(-51)/(-2)?
17
Suppose z = -4 + 23. List the prime factors of z.
19
Let q(z) = -z**3 - z**2 + 4*z - 1. Let r be q(-3). Suppose -r*c + 24 = -6. List the prime factors of 2 - -2*3/c.
3
Let u = -81 - -92. What are the prime factors of u?
11
Let a = 1 - 1. Suppose 2*z - 29 + 1 = a. List the prime factors of z.
2, 7
Suppose -7*d = -3*d. Suppose 2*v + v = 6. Suppose d = -v*b + 6*b - 16. List the prime factors of b.
2
Let z = -13 - -28. What are the prime factors of z?
3, 5
Let u = 21 - -6. Suppose 4*a + u = 119. Suppose 22 = 5*l - a. List the prime factors of l.
3
Let a = 12 + -31. Let k = 4 - a. List the prime factors of k.
23
What are the prime factors of 12/4 + -2 - -46?
47
Suppose d = -o - 4*o + 11, -o - 3 = -5*d. Suppose -j + 1 = -d. List the prime factors of (16/6)/(j/9).
2, 3
Suppose w - 36 = -3*l, l + 4*w + 0 - 1 = 0. List the prime factors of l.
13
What are the prime factors of ((-136)/(-12))/((-1)/(-3))?
2, 17
Let x(q) = q**3 - 7*q**2 - 7*q - 3. Let n be x(8). Let k(m) = -2*m - n + 2 + 3 - 3. List the prime factors of k(-5).
7
Suppose 0 = 2*o + 2*o + 5*s - 69, -42 = -2*o - 4*s. Let h = o + -7. Suppose -2*b - 34 = -h*b. List the prime factors of b.
17
List the prime factors of 4*(-5 + (-1161)/(-12)).
367
Let y = 12 + -